{"version":"1.0","provider_name":"Norwegian Wood Cluster","provider_url":"https:\/\/nwcluster.no\/de\/","author_name":"Mari Blokhus Nordtun","author_url":"https:\/\/nwcluster.no\/de\/author\/adminmari\/","title":"Jahreshauptversammlung 2024 - positive Entwicklung - Norwegian Wood Cluster","type":"rich","width":600,"height":338,"html":"<blockquote class=\"wp-embedded-content\" data-secret=\"BR4f7YvxKi\"><a href=\"https:\/\/nwcluster.no\/de\/erstes-wiederverwendungszentrum-fur-baumaterialien-in-binnennorwegen-31\/\">Jahreshauptversammlung 2024 &#8211; positive Entwicklung<\/a><\/blockquote><iframe sandbox=\"allow-scripts\" security=\"restricted\" src=\"https:\/\/nwcluster.no\/de\/erstes-wiederverwendungszentrum-fur-baumaterialien-in-binnennorwegen-31\/embed\/#?secret=BR4f7YvxKi\" width=\"600\" height=\"338\" title=\"&#8222;Jahreshauptversammlung 2024 &#8211; positive Entwicklung&#8220; &#8212; Norwegian Wood Cluster\" data-secret=\"BR4f7YvxKi\" frameborder=\"0\" marginwidth=\"0\" marginheight=\"0\" scrolling=\"no\" class=\"wp-embedded-content\"><\/iframe><script type=\"text\/javascript\">\n\/* <![CDATA[ *\/\n\/*! This file is auto-generated *\/\n!function(d,l){\"use strict\";l.querySelector&&d.addEventListener&&\"undefined\"!=typeof URL&&(d.wp=d.wp||{},d.wp.receiveEmbedMessage||(d.wp.receiveEmbedMessage=function(e){var t=e.data;if((t||t.secret||t.message||t.value)&&!\/[^a-zA-Z0-9]\/.test(t.secret)){for(var s,r,n,a=l.querySelectorAll('iframe[data-secret=\"'+t.secret+'\"]'),o=l.querySelectorAll('blockquote[data-secret=\"'+t.secret+'\"]'),c=new RegExp(\"^https?:$\",\"i\"),i=0;i<o.length;i++)o[i].style.display=\"none\";for(i=0;i<a.length;i++)s=a[i],e.source===s.contentWindow&&(s.removeAttribute(\"style\"),\"height\"===t.message?(1e3<(r=parseInt(t.value,10))?r=1e3:~~r<200&&(r=200),s.height=r):\"link\"===t.message&&(r=new URL(s.getAttribute(\"src\")),n=new URL(t.value),c.test(n.protocol))&&n.host===r.host&&l.activeElement===s&&(d.top.location.href=t.value))}},d.addEventListener(\"message\",d.wp.receiveEmbedMessage,!1),l.addEventListener(\"DOMContentLoaded\",function(){for(var e,t,s=l.querySelectorAll(\"iframe.wp-embedded-content\"),r=0;r<s.length;r++)(t=(e=s[r]).getAttribute(\"data-secret\"))||(t=Math.random().toString(36).substring(2,12),e.src+=\"#?secret=\"+t,e.setAttribute(\"data-secret\",t)),e.contentWindow.postMessage({message:\"ready\",secret:t},\"*\")},!1)))}(window,document);\n\/\/# sourceURL=https:\/\/nwcluster.no\/wp-includes\/js\/wp-embed.min.js\n\/* ]]> *\/\n<\/script>\n","thumbnail_url":"https:\/\/nwcluster.no\/wp-content\/uploads\/2024\/04\/motet-scaled.jpg","thumbnail_width":2560,"thumbnail_height":1463,"description":"Die Jahresversammlung des Norwegian Wood Clusters zeigte volle Unterst\u00fctzung f\u00fcr die Entwicklung des Clusters. In \u00dcbereinstimmung mit der einstimmigen Empfehlung des Wahlausschusses gab es nur wenige Ver\u00e4nderungen im Vorstand, wobei Jan Tore Meren nun sein drittes Jahr als Vorsitzender antritt."}

Die Jahresversammlung des Norwegian Wood Clusters zeigte volle Unterstützung für die Entwicklung des Clusters. In Übereinstimmung mit der einstimmigen Empfehlung des Wahlausschusses gab es nur wenige Veränderungen im Vorstand, wobei Jan Tore Meren nun sein drittes Jahr als Vorsitzender antritt.
